9*y + 3466. What is b(52)?
-122
Let f(v) = 675*v - 1177. Calculate f(3).
848
Let t(m) = m**2 - 386*m + 6268. Determine t(17).
-5
Let x(c) = -104*c + 1447. Determine x(14).
-9
Let j(s) = -2*s**3 - 112*s**2 + 610*s + 67. Give j(-61).
67
Let v(z) = -9*z**3 - 12*z + 25. Calculate v(2).
-71
Let r(j) = 838*j + 32654. Give r(-39).
-28
Let z(p) = -5*p**2 + 826*p + 4131. Calculate z(-5).
-124
Let p(v) = v**3 + 24*v**2 - 16*v - 336. Calculate p(-24).
48
Let i(b) = -3*b**2 + 6*b + 27. What is i(4)?
3
Let j(p) = 2*p**3 + 787*p**2 - 1580*p + 3. What is j(2)?
7
Let n(a) = 5*a**2 + 140*a + 158. What is n(-27)?
23
Let j(t) = t**3 - 27*t**2 - 129*t + 139. Determine j(31).
-16
Let w(v) = -99*v + 10992. Calculate w(111).
3
Let u(i) = -2*i + 93. Determine u(3).
87
Let q(k) = -k**3 + 12*k**2 + 345*k - 4500. Calculate q(15).
0
Let s(o) = -28*o - 133. Calculate s(-4).
-21
Let y(b) = -2*b**3 - 3*b**2 + 15*b + 28. Give y(-4).
48
Let r(s) = -2*s**3 + 39*s**2 + 14*s - 150. Give r(20).
-270
Let w(z) = -108*z**2 + 1157*z + 344. What is w(11)?
3
Let n(g) = -2*g**2 + 87*g - 91. Give n(43).
-48
Let h(s) = 5*s**3 + 2*s**2 + 13*s + 2. What is h(3)?
194
Let v(k) = k**3 - 404*k**2 + 752*k + 20899. What is v(402)?
-5
Let s(m) = 2*m**3 - 76*m**2 + 569*m - 244. Calculate s(28).
8
Let l(q) = -q**2 - 44*q - 419. Give l(-14).
1
Let p(q) = 3*q**3 + 4*q**2 + 9*q - 12. Calculate p(-4).
-176
Let s(y) = 1434*y + 35850. Determine s(-25).
0
Let g(w) = -24*w + 12. What is g(-8)?
204
Let u(o) = o**2 + 65*o + 923. Give u(-44).
-1
Let h(o) = -3*o**2 - 11*o + 40. Determine h(-6).
-2
Let v(a) = -1153*a + 36. Give v(0).
36
Let t(r) = r**3 - 46*r**2 - 302*r + 14. What is t(-6)?
-46
Let y(n) = -2452*n + 14711. What is y(6)?
-1
Let c(q) = 27*q + 1103. Calculate c(-35).
158
Let h(y) = y**3 + 40*y**2 + 201*y - 41. What is h(-6)?
-23
Let j(c) = c**3 + 31*c**2 + 174*c + 141. Give j(-24).
-3
Let a(z) = -2*z**2 + 118*z + 2565. Give a(-17).
-19
Let f(k) = -k**3 - 41*k**2 + 393*k + 40. Determine f(-49).
-9
Let v(o) = -4*o**2 + 21*o + 108. Determine v(8).
20
Let c(z) = 8*z**2 - 45*z + 351. Give c(6).
369
Let k(b) = -5*b**3 - 50*b**2 - 32*b + 4. Give k(-9).
-113
Let o(v) = 24*v**2 + 9*v + 18. Determine o(-3).
207
Let t(o) = o**2 + 26*o - 44. What is t(-18)?
-188
Let s(r) = 43*r + 8. Give s(1).
51
Let m(c) = -658*c - 3764. Calculate m(-5).
-474
Let c(b) = -b**2 - 74*b + 4103. Give c(-111).
-4
Let k(h) = -8*h**2 - 64*h - 1. Determine k(-8).
-1
Let m(s) = -5*s**3 + 6*s**2 - s - 14. Give m(2).
-32
Let k(y) = 82*y + 14102. Give k(-172).
-2
Let z(s) = -12*s + 1385. Give z(121).
-67
Let b(p) = -p**2 + 57*p + 995. What is b(-14)?
1
Let n(v) = -6*v - 448. Give n(-53).
-130
Let h(z) = 5*z - 213. Calculate h(20).
-113
Let p(i) = -i**2 - 132*i + 690. Give p(-137).
5
Let x(p) = p**3 - 10*p**2 + 26*p - 16. Determine x(7).
19
Let m(j) = 3*j**3 + 19*j**2 + 17*j + 11. What is m(-7)?
-206
Let b(j) = 7*j**2 - 217*j + 17. What is b(33)?
479
Let t(b) = -b**3 + 9*b**2 + 22*b - 98. Give t(10).
22
Let c(s) = 22*s - 38. Calculate c(-2).
-82
Let t(u) = u**3 + 2*u**2 - 36*u - 15. Calculate t(-8).
-111
Let s(t) = -t**3 - 116*t**2 - 1602*t - 254. Determine s(-100).
-54
Let a(c) = -c**3 - 10*c**2 + 6*c - 225. Determine a(-12).
-9
Let g(l) = -239*l**3 + 474*l**2 + 10*l - 13. What is g(2)?
-9
Let y(j) = j**3 + 85*j**2 + 82*j - 191. Determine y(-84).
-23
Let h(m) = -15*m**2 - 11*m + 3. What is h(2)?
-79
Let u(f) = -2*f**3 + 45*f**2 + 23*f - 141. Give u(23).
-141
Let x(t) = 31*t + 3387. Give x(-107).
70
Let f(b) = -3*b**2 + 126*b - 466. Determine f(38).
-10
Let c(k) = k**3 + 19*k**2 + 35*k + 655. Give c(-16).
863
Let c(o) = o**3 - 80*o**2 + 74*o + 395. Calculate c(79).
0
Let d(i) = -i**3 - 16*i**2 - 60*i - 128. Determine d(-12).
16
Let n(a) = 83*a**3 - 668*a**2 + 36*a - 25. Calculate n(8).
7
Let t(j) = -801*j + 4829. Give t(6).
23
Let q(i) = -i**2 - 66*i - 520. Determine q(-57).
-7
Let p(b) = 2557*b + 15369. What is p(-6)?
27
Let z(h) = -126*h - 4162. What is z(-33)?
-4
Let a(t) = 4*t**2 - 15*t - 10. Give a(5).
15
Let i(t) = t**3 - 21*t**2 - 32*t + 624. Give i(21).
-48
Let b(a) = 32*a + 326. What is b(-10)?
6
Let z(t) = -20*t - 520. What is z(-26)?
0
Let p(m) = 323*m + 52636. Calculate p(-163).
-13
Let j(l) = -82*l**3 - 5*l**2 - l + 4. Determine j(1).
-84
Let s(q) = -q**3 - 2*q**2 + q - 106. Give s(-6).
32
Let h(n) = 2*n**2 + 56*n + 315. Calculate h(-18).
-45
Let f(j) = -33*j - 30. Calculate f(-3).
69
Let k(h) = h**3 - 2*h**2 - 8*h - 9. Give k(4).
-9
Let l(v) = 2*v**3 - 72*v**2 - 76*v + 23. Determine l(37).
-51
Let v(y) = -y**3 - 11*y**2 + 30*y + 221. What is v(-12)?
5
Let g(h) = -h**3 - 7*h**2 + 20*h - 40. Give g(5).
-240
Let z(x) = -x**3 - 4*x**2 + 57*x + 13. What is z(-10)?
43
Let n(j) = 14*j**2 - 337*j - 121. What is n(27)?
986
Let h(q) = -10*q**3 + 5*q**2 + 42*q - 45. Determine h(1).
-8
Let y(h) = -6*h**2 - 183*h - 73. Determine y(-30).
17
Let m(f) = 6*f - 256. Determine m(53).
62
Let h(y) = -9*y**2 - 104*y - 307. Calculate h(-6).
-7
Let f(c) = -c**3 + 6*c**2 + 8*c - 123. Determine f(-4).
5
Let y(v) = 11*v - 402. What is y(41)?
49
Let s(m) = -7865*m + 62915. Calculate s(8).
-5
Let d(c) = -54*c + 336. Give d(6).
12
Let q(t) = -61*t**2 - 8781*t + 425. What is q(-144)?
-7
Let w(r) = -72*r - 4905. Calculate w(-68).
-9
Let x(m) = -39*m + 369. Determine x(12).
-99
Let n(h) = -h**3 + 9*h**2 + 20*h - 115. Determine n(9).
65
Let l(m) = -67*m + 3323. Give l(47).
174
Let j(n) = 2*n**3 - 4*n**2 + 10*n - 37. What is j(4)?
67
Let r(x) = -x**3 + 56*x**2 - 9*x + 381. Calculate r(56).
-123
Let k(r) = 267*r - 17. Calculate k(-3).
-818
Let j(h) = -263*h**3 - 3*h**2 - 8*h - 5. Determine j(-1).
263
Let k(l) = -400*l - 2406. Give k(-6).
-6
Let s(m) = -768*m + 7798. What is s(10)?
118
Let d(b) = 2*b**3 + 3*b**2 - 67*b + 60. Give d(-7).
-10
Let j(q) = 57*q - 197. What is j(6)?
145
Let d(i) = -10*i + 61. Calculate d(7).
-9
Let p(a) = a**2 + 83*a + 471. What is p(-77)?
9
Let h(w) = -27*w - 1234. Determine h(-46).
8
Let i(q) = 15*q**2 - 8*q - 21. Calculate i(-3).
138
Let q(i) = 2*i**2 - 23*i - 45. Calculate q(11).
-56
Let w(g) = -4*g**3 + 27*g**2 + 2*g + 41. Determine w(7).
6
Let x(w) = w**2 + 7*w - 47. What is x(6)?
31
Let n(a) = -84*a + 732. Calculate n(9).
-24
Let p(k) = -4*k**2 - 89*k - 369. Determine p(-4).
-77
Let v(w) = 2*w**3 - 6*w**2 + 16*w - 27. What is v(2)?
-3
Let i(c) = 2*c**2 - 47*c + 28. Determine i(23).
5
Let u(i) = 77*i - 1080. Calculate u(14).
-2
Let k(y) = -130*y + 1172. Calculate k(9).
2
Let d(v) = v**3 + 277*v**2 + 2934*v + 2139. Calculate d(-266).
11
Let i(l) = 120*l + 436. Determine i(-5).
-164
Let m(w) = 356*w - 2949. Determine m(9).
255
Let p(m) = -m**3 - 59*m**2 + 149*m + 8791. Determine p(-59).
0
Let y(l) = -17*l + 104. Give y(11).
-83
Let t(w) = -12045*w + 48176. What is t(4)?
-4
Let p(z) = z**2 + 63*z + 656. Give p(-49).
-30
Let t(c) = -c**2 - 49*c - 60. What is t(-48)?
-12
Let u(i) = 2*i**3 + 38*i**2 - 12*i - 78. Give u(-19).
150
Let z(a) = 16*a + 624. What is z(-40)?
-16
Let n(h) = 3*h**2 - 45*h - 160. Calculate n(23).
392
Let v(k) = -5*k + 34. Calculate v(6).
4
Let b(j) = -j**3 - 78*j**2 + 2576*j + 109. Calculate b(-103).
6
Let c(l) = 508*l - 3572. What is c(7)?
-16
Let i(n) = 2*n**2 - 10*n - 134. Determine i(11).
-2
Let u(h) = -4*h**3 - 6*h**2 + 6*h + 45. Give u(-5).
365
Let r(t) = -2*t**2 - 297*t - 9992. Determine r(-97).
-1
Let p(s) = 3*s**2 + 44*s + 121. What is p(-4)?
-7
Let j(u) = 123*u - 1718. Determine j(14).
4
Let n(t) = t**3 - 13*t**2 + 47*t - 17. What is n(7)?
18
Let i(g) = -27*g**2 - 26*g + 2. Determine i(-1).
1
Let r(u) = -7*u + 132. Give r(-9).
195
Let b(z) = -102*z - 2802. Determine b(-25).
-252
Let v(d) = d**2 + 125*d - 510. Calculate v(4).
6
Let f(t) = -t**3 + 7*t**2 - 33*t + 114. What is f(4)?
30
Let g(s) = 14*s + 547. Determine g(-43).
-55
Let h(t) = -t**2 + 45*t - 121. Determine h(40).
79
Let m(w) = -3*w**3 + 21*w**2 - 5*w - 64. Determine m(2).
-14
Let o(h) = -h**3 + 44*h**2 + 68*h - 1061. Determine o(45).
-26
Let i(f) = 2*f**2 + 35*f - 1498. What is i(20)?
2
Let x(z) = 4*z**2 + 17*z - 63. Give x(6).
183
Let q(u) = -11*u - 22. Calculate q(-21).
209
Let z(a) = 8*a - 667. Give z(55).
-227
Let c(w) = -3*w**3 - 8*w**2 + 2*w + 186. What is c(-6)?
534
Let p(w) = w**3 + 2*w**2 - 134*w + 476. Calculate p(5).
-19
Let l